e8190e - -3?
6e81911
In base 4, what is 2022 - 200031?
-132003
In base 11, what is -159130 + -a?
-15913a
In base 5, what is 13 + -11400324131?
-11400324113
In base 2, what is -100010100110111010101 - 1010?
-100010100110111011111
In base 10, what is -17416 + 3261?
-14155
In base 12, what is 5b38478 - 5?
5b38473
In base 10, what is -11 - -1298721?
1298710
In base 12, what is 3056b18 - 4?
3056b14
In base 9, what is 64 + -116132?
-116057
In base 11, what is 39086a75 + -1?
39086a74
In base 12, what is 1 - -590b20?
590b21
In base 7, what is -114 + -2116164?
-2116311
In base 10, what is -9625 - 434?
-10059
In base 6, what is -443 - 45332?
-50215
In base 4, what is -121002201 - 1233?
-121010100
In base 11, what is -42a49 - 467?
-43405
In base 12, what is 6b139 + -5b5?
6a744
In base 9, what is -4625282 - 3?
-4625285
In base 16, what is 151da45 + 1?
151da46
In base 14, what is 0 - -428958?
428958
In base 14, what is 1 - 26c1c73?
-26c1c72
In base 7, what is 5633204 - 15?
5633156
In base 5, what is 1024401243 + 222?
1024402020
In base 9, what is 168 + -1648850?
-1648671
In base 15, what is -12 + e99e4?
e99d2
In base 14, what is 2b + -65655?
-65628
In base 2, what is 111100000 + -1011100111000011010?
-1011100110000111010
In base 12, what is 544aa2b8 + -4?
544aa2b4
In base 16, what is -810c94 + 33?
-810c61
In base 2, what is 11100110000000101011010110 - -10?
11100110000000101011011000
In base 11, what is 70656 + 46?
706a1
In base 12, what is 44 - -ba175?
ba1b9
In base 9, what is 420 + -13650?
-13230
In base 14, what is -184a - 1a6b?
-34b7
In base 5, what is -230320203122 - 13?
-230320203140
In base 8, what is -257457 + 3042?
-254415
In base 6, what is 3444 - 1001014?
-553130
In base 5, what is -1023302400 - 1224?
-1023304124
In base 6, what is 30 + -2151530300?
-2151530230
In base 10, what is 1125832 - -10?
1125842
In base 7, what is -311236 - 1210?
-312446
In base 14, what is -5c - 9d0834?
-9d0892
In base 7, what is 6 - -33225210?
33225216
In base 14, what is 1c5 - 3133?
-2d4c
In base 5, what is -3142120 - -112?
-3142003
In base 7, what is 5 - 62322252?
-62322244
In base 12, what is 740 + 7899?
8419
In base 9, what is 1640336560 + -2?
1640336557
In base 12, what is -6084a + 5b?
-607ab
In base 12, what is 3b48aa - 2?
3b48a8
In base 9, what is 504 - -6508?
7113
In base 16, what is -5d + 14e63?
14e06
In base 2, what is 1110011100111 + -11101000110010?
-1110101001011
In base 13, what is 24c4 - 0?
24c4
In base 6, what is 215 + -13001121?
-13000502
In base 11, what is 2834971 - 57?
2834915
In base 2, what is 1000000000 - -1010001100011001?
1010010100011001
In base 7, what is 23301533 - -655?
23302521
In base 6, what is -233013 - -1111?
-231502
In base 2, what is 10100010 + -1001110?
1010100
In base 11, what is 10264 - 10834?
-580
In base 6, what is -2532 + 24204?
21232
In base 10, what is -10 - -354220?
354210
In base 12, what is 6149091 - -7?
6149098
In base 7, what is -131 - 133362?
-133523
In base 6, what is 25 + -21340013?
-21335544
In base 12, what is -a579842a + -5?
-a5798433
In base 11, what is -3 - -1983177?
1983174
In base 12, what is -2b140aa + -2?
-2b140b0
In base 9, what is -1487 + -208557?
-211155
In base 4, what is -123132 - -10120?
-113012
In base 5, what is 40213024201 + -10?
40213024141
In base 16, what is 2772 - -c8e3?
f055
In base 9, what is 1655 + 65217?
66873
In base 6, what is -3 - 245155350?
-245155353
In base 13, what is -172 + 12ac2?
12950
In base 9, what is -4 - -313187388?
313187384
In base 2, what is 101100 + 11101001001110001101110?
11101001001110010011010
In base 10, what is -78905064 + 6?
-78905058
In base 5, what is 44143 - 42014?
2124
In base 12, what is -84485 + 221?
-84264
In base 14, what is 6bd00d0 + 8?
6bd00d8
In base 14, what is -c6b048 + -4?
-c6b04c
In base 11, what is 3 + -39035a8?
-39035a5
In base 12, what is -12229097 - -5?
-12229092
In base 2, what is -1100000100 + 11011111000011?
11010010111111
In base 4, what is 10131203 - 201203?
3330000
In base 11, what is 4 + -1769517?
-1769513
In base 11, what is -55 - -21760a?
217565
In base 16, what is a - 27cdb?
-27cd1
In base 14, what is 54 - -63add?
63b53
In base 9, what is 118 - 555432?
-555313
In base 8, what is 226321 + 3022?
231343
In base 16, what is 6e22fb0 + -6?
6e22faa
In base 14, what is -753c47 - -1?
-753c46
In base 12, what is 7b - -a64a?
a709
In base 14, what is 4 + -24cd25?
-24cd21
In base 4, what is -11222113331 + 211?
-11222113120
In base 4, what is 10 - 13321003133122?
-13321003133112
In base 3, what is -12 - -12000100022101?
12000100022012
In base 5, what is -30222003041 + -3?
-30222003044
In base 11, what is 2 + -602960?
-602959
In base 6, what is -52540323 - -5?
-52540314
In base 9, what is 4753433 - -5?
4753438
In base 12, what is -1b + -1084686a?
-10846889
In base 13, what is -5 + 1459bab?
1459ba6
In base 12, what is 2b108a - a2?
2b0ba8
In base 11, what is -1a39 + -96?
-2024
In base 12, what is -96b - -6a608?
69859
In base 5, what is 13042 + -4020332?
-4002240
In base 12, what is 1b - 83407?
-833a8
In base 7, what is -202 + 55153133?
55152631
In base 14, what is -3 + 77c54?
77c51
In base 8, what is -466 + 5537?
5051
In base 8, what is 642252607 + -1?
642252606
In base 4, what is 203 - -2132123032?
2132123301
In base 2, what is 110110111000 + 1111001001000?
10110000000000
In base 9, what is 205 - -3721115?
3721321
In base 3, what is 10 + -20002221201101122?
-20002221201101112
In base 11, what is 3 - -5993671?
5993674
In base 11, what is -66003 + -914?
-66917
In base 10, what is 851 - -3484?
4335
In base 10, what is -25384 + -65?
-25449
In base 3, what is 2102020 - 1111200221?
-1102021201
In base 6, what is -2 + 43344255454?
43344255452
In base 14, what is 10097abc - -7?
10097ac5
In base 11, what is -71 + 747366?
7472a5
In base 4, what is 323222332100 + 123?
323222332223
In base 2, what is 10 - -1101010110001111110001001?
1101010110001111110001011
In base 12, what is -1376738 + -5?
-1376741
In base 4, what is 22022333323 - 11?
22022333312
In base 8, what is 2504335 + -630?
2503505
In base 7, what is 1055543 + -2415?
1053125
In base 14, what is -52 - 1426bc?
-142730
In base 7, what is -4 + -103160125?
-103160132
In base 6, what is 23513 + 14400?
42313
In base 14, what is -3 + -35c437?
-35c43a
In base 10, what is 4 - -22938567?
22938571
In base 5, what is 12020 - 2043434?
-2031414
In base 8, what is -22547 - -71417?
46650
In base 5, what is 1433124400 - 0?
1433124400
In base 10, what is 48 - -2046?
2094
In base 14, what is 417b810 + -3?
417b80b
In base 6, what is -101334 - -321?
-101013
In base 3, what is -11100222111120 + 1012?
-11100222110101
In base 13, what is 2 - 5671608?
-5671606
In base 9, what is 3 - 5043773?
-5043770
In base 3, what is -110110 + 100002222?
22122112
In base 2, what is 10001101111000 - -1011001000?
10011001000000
In base 4, what is 311 + 31222232020?
31222232331
In base 2, what is -111101011 + 1010111011111110?
1010110100010011
In base 15, what is 541 - 665?
-124
In base 10, what is -4299 - 3746?
-8045
In base 16, what is 8e6ce5 - -8?
8e6ced
In base 7, what is 626544 - -5323?
635200
In base 12, what is -73b39 - 259?
-74196
In base 4, what is -3 + -2113122302313?
-2113122302322
In base 4, what is 13 - -130000300112?
130000300131
In base 6, what is -32424 - -101255?
24431
In base 9, what is -140 + -3177167?
-3177317
In base 14, what is 4929 + -8226?
-36db
In base 15, what is a89e9eb - -1?
a89e9ec
In base 3, what is 11222212000 + -12010?
11222122220
In base 8, what is -224225 - -2142?
-222063
In base 3, what is -10212210101012 + 0?
-10212210101012
In base 14, what is 2 + 68183?
68185
In base 7, what is -44013 + -136044?
-213060
In base 14, what is 1895 + -4114?
-265d
In base 9, what is -7645 + 441?
-7204
In base 9, what is 5 + 3870861?
3870866
In base 7, what is 14 + -105525534?
-105525520
In base 8, what is -2504132 - 104?
-2504236
In base 6, what is 43541 - -332020?
420001
In base 12, what is 846699 + 7b?
846758
In base 10, what is 10372 - -2631?
13003
In base 5, what is 112 + 111112111?
111112223
In base 3, what is -102202201 + -1202021?
-111111222
In base 7, what is -601142 + 14?
-601125
In base 14, what is -877cb + 35?
-87796
In base 14, what is -344200 - 1ac?
-3443ac
In base 11, what is 196929 + 0?
196929
In base 11, what is 2